est common factor of h and r?
4
Suppose -27*h + 11824 = 3724. Calculate the greatest common factor of 12 and h.
12
Let j = -210 + 246. Calculate the greatest common divisor of 45 and j.
9
Suppose 5*h - q - 44 = 6, 0 = -h + 5*q + 10. Let p be (1*(1 - 11))/((-40)/160). Calculate the highest common divisor of p and h.
10
Let o be 5 + 2 - 32/8. What is the greatest common factor of o and 12?
3
Let h(l) = l + 19. Let n(c) = c**3 - 4*c**2 + c - 2. Let m be n(4). Suppose -m*w + 16 = -3*w. Let o be h(w). Calculate the highest common divisor of 6 and o.
3
Let b = 18 + -17. Let n be (2 + -40)/(-2)*-1. Let o = -18 - n. Calculate the highest common divisor of b and o.
1
Suppose 26 + 118 = 2*s. What is the highest common divisor of 8 and s?
8
Let k be 0 + 0 + (-23)/(-1). Suppose -3 = 2*t - k. Let d be -4 - (-22)/(77/(-14) + 6). What is the greatest common factor of d and t?
10
Let g be 1 + -2*(-1)/1. Suppose 0 = -v + 5*l + 31, g*l + 199 = 4*v - 2*l. Let j = 6759 + -6752. What is the highest common factor of j and v?
7
Suppose 58*m - 40*m = 9324. Calculate the greatest common divisor of 296 and m.
74
Suppose 169 = u + 26. Suppose 0 = j + s + 13, -2*j - 3*s + 25 = -7*j. Let n be 52/j*1*-2. What is the highest common factor of u and n?
13
Let t = -1073 + 1113. What is the highest common factor of t and 1000?
40
Let f = 398 + -348. What is the highest common divisor of f and 450?
50
Let n(u) = u**3 - 2*u**2 - 3*u + 2. Let l be n(3). Suppose 4*b - 5 = 4*p - 89, -4*p - 5*b + 93 = 0. What is the highest common divisor of l and p?
2
Suppose 17*i + 50 = 3484. What is the greatest common factor of i and 4?
2
Let y be (133/14 - 9)/(1/50). Calculate the greatest common factor of 125 and y.
25
Suppose -39 = -51*r + 48*r. Calculate the highest common divisor of r and 91.
13
Let x(k) = 4*k**2 - k + 2. Let q be x(1). Let n(z) = 19*z**2 + 3. Let h be n(q). Suppose 4*o - h = -86. Calculate the highest common factor of 14 and o.
14
Let d(j) = j**2 - 2*j + 2. Let z be d(2). Suppose -z*n + 4*p + 88 = 2*n, 3*p = 3. What is the greatest common factor of n and 161?
23
Suppose 3*u + 9 = 189. Let o(l) = 107*l**2 - 4*l - 2. Let r be o(-1). Let h = r + -89. Calculate the greatest common factor of u and h.
20
Suppose -52 = x - 5*y, 79 + 103 = -5*x - y. Let p = 41 + x. Calculate the highest common factor of p and 48.
4
Let h(n) = -n**2 - n - 1. Let j(q) = q**3 + 6*q**2 - 3*q - 1. Let c(b) = h(b) + j(b). Let s be c(5). What is the highest common factor of s and 12?
12
Let d be (18/(-12))/(6/(-16)). Suppose -d*l + l = -12. Suppose -l*u = 5*m - 10 - 24, -23 = -4*m + u. Calculate the greatest common factor of m and 18.
6
Let g = 173 + 25. Suppose 0*f = 3*f + 3*m - 54, 3*f + m = 54. What is the highest common factor of f and g?
18
Let n(g) = 4*g**2 + 19*g - 10. Let s be n(-5). Let a = s - -374. What is the greatest common factor of 41 and a?
41
Suppose 4*m + 42 = -162. Let n = m - -67. What is the greatest common divisor of 144 and n?
16
Suppose -935 - 351 = -2*m. Suppose 0 = -7*b + m + 190. What is the highest common divisor of b and 17?
17
Suppose v + 2*k = -0*v + 26, -4*k + 120 = 4*v. What is the greatest common factor of v and 34?
34
Let o be ((-12)/(-22))/3 + (-30058)/(-209). Let c(h) = 2*h + 2. Let r be c(8). Calculate the highest common factor of r and o.
18
Let s(b) = -49*b + 1 + 51*b + 7. Let j be s(12). What is the highest common factor of 48 and j?
16
Let q be (176/10)/(1/10). Let x(b) = b**3 - 6*b**2 + 12. Let w be x(6). Let k be ((-30)/5)/(w/(-32)). What is the greatest common divisor of k and q?
16
Let b = 258 + -223. What is the greatest common divisor of 10 and b?
5
Suppose -2881*y - 1100 = -2892*y. What is the greatest common factor of 40 and y?
20
Let x = 28 + -28. Suppose -4*h + 4 = 0, 4*u - 32 = 4*h - x*h. What is the greatest common divisor of 18 and u?
9
Suppose 0 = -5*m + 3*f + 166, 0 = 5*m + 3*f - 7*f - 168. Suppose m = -3*p - 22. Let v = -13 - p. What is the greatest common divisor of 40 and v?
5
Let c = 1686 + -1554. Calculate the greatest common factor of 3828 and c.
132
Let n(t) = 9*t - 483. Let c be n(55). What is the highest common factor of c and 114?
6
Suppose -4*b - a - 12 = 4*a, 3*b + 14 = -5*a. Let k be ((-5)/(-2))/(b/28). Let n = -12 - -19. Calculate the greatest common factor of n and k.
7
Suppose 4*b - 995 = -5*w, 4*w - 288 - 549 = 5*b. Let j = 296 - w. What is the greatest common factor of j and 31?
31
Let c(b) = -2*b**3 - 2*b**2 + 2*b + 1. Let f be c(-2). Let k be 3 + f/(-10)*-22. Calculate the greatest common divisor of 42 and k.
14
Let y = 133 + -37. Suppose -d = 2*d - y. Calculate the highest common divisor of d and 16.
16
Let m(s) = 131*s - 20. Let c be m(2). What is the highest common factor of 22 and c?
22
Let t be 18/(-4)*(-4)/2. Let b = t + 15. Let a = -145 - -205. Calculate the highest common divisor of b and a.
12
Let u(f) = 17 - 7*f**2 - 17 + 6*f + f**3. Let m be u(6). Let r be m + (21 - (-16)/(-4)). What is the highest common factor of r and 17?
17
Let n = 117 - 12. Suppose 213 = 3*c - n. Let j be c + (-3)/3*1. What is the greatest common factor of 21 and j?
21
Let y(j) = -8*j - 45. Let q be y(-18). What is the greatest common factor of q and 6?
3
Let v be ((-6)/(-4))/((-7)/(2170/(-15))). Calculate the highest common factor of 899 and v.
31
Suppose -96 + 1116 = 17*z. Calculate the highest common divisor of z and 30.
30
Suppose -42 = -2*i - i. Let o = 43 + -81. Let y be (3 - 2 - o) + -4. Calculate the highest common factor of i and y.
7
Let d be (-2 - -1)*-9*8. Calculate the greatest common factor of 54 and d.
18
Let h = -783 + 1089. What is the greatest common divisor of 374 and h?
34
Suppose 0 = -16*p + 84 + 156. Calculate the highest common divisor of p and 2.
1
Let h = 25 - 24. Let l be (h - 17)*(-8)/8. Calculate the greatest common divisor of 40 and l.
8
Let n = 170 - 179. Let a(y) = 15*y + 2 + 3*y**2 - 2*y - 3. Let f be a(n). Calculate the greatest common divisor of f and 25.
25
Suppose 178*a - 420 = 173*a. Suppose 0*y + 2*y - 56 = 0. Calculate the greatest common factor of a and y.
28
Suppose -2*f - 45 = -5*i + 3*f, 0 = -i - 2*f - 3. Suppose -z + 70 = 2*d, -i*z - 2*d + 385 = 75. What is the greatest common factor of z and 12?
12
Suppose 4*l - 603 = 153. What is the greatest common factor of l and 693?
63
Suppose 2*h + n + 5 = 0, -3*n - 5 = 3*h + 7. Let s = 17 + h. Let u be (-6)/((s/(-12))/4). Calculate the highest common divisor of u and 45.
9
Let v(t) = -t**2 + 5*t. Let o be v(4). Suppose q = -0*q - 33. Let x = -23 - q. Calculate the highest common divisor of x and o.
2
Suppose 5*v + 4 - 63 = -j, 4 = j. Let h = -9 + v. Let k be 4 + -1 + 32/h. Calculate the highest common divisor of k and 95.
19
Suppose r - 3 = -5*k, 0*r - r = -4*k - 21. Let s be (-7)/((-35)/10)*(12 - -14). What is the highest common factor of s and r?
13
Let b be (-3 - (-885)/10)/((-6)/(-12)). What is the highest common factor of 285 and b?
57
Let h(s) = -11*s + 9. Let t be h(2). Let i = -3 - t. Calculate the highest common factor of 15 and i.
5
Let f be 3 - (6 - (339 + (2 - -4))). Calculate the greatest common factor of f and 18.
18
Let r be 2/17 - 2222/(-187). Let s(f) = f - 3. Let i be s(9). What is the greatest common divisor of i and r?
6
Let y = -509 - -539. Calculate the highest common divisor of y and 465.
15
Let p(q) = -q**3 - 13*q**2 + 3*q + 44. Let y be p(-13). Suppose -5*n = 3*d - 0*n - 53, 0 = -4*d + y*n + 24. Calculate the greatest common divisor of d and 143.
11
Let k(a) = -a**2 - 3*a - 5. Let g be k(-2). Let o be (g - 36)*1/(-3). Let r = -12 + o. Calculate the greatest common factor of 3 and r.
1
Suppose 0 = -2*g + p - 46, -2*p - 52 = 6*g - 4*g. Let j = g - -28. Calculate the highest common divisor of j and 16.
4
Let j = -67 - 33. Let f = j - -244. What is the greatest common factor of f and 18?
18
Suppose -d - 147 = -5*h + 60, -4*d = -12. What is the highest common divisor of 280 and h?
14
Suppose -2*r + 77 = 53. Let z(f) = 15*f + 7 + f**3 + 3 - 12*f**2 - 3. Let y be z(r). Calculate the highest common factor of y and 17.
17
Let n = -88 + -264. Let o = n + 527. What is the greatest common factor of 7 and o?
7
Let i be (10 - 21)*7/(-7). What is the greatest common divisor of i and 1375?
11
Let m be -3 - (2 - (4 + -3)). Let p be (-4 + 32)*(-10)/m.